 x(d) = d**2 - 4*d - 2. What is x(f)?
10
Let c be 5/15*141*(-7)/(-7). Suppose c*g = 37*g. Let k(x) = -x**3 - 24. Give k(g).
-24
Let a be 16/3 + (20/6)/(-10). Let n(f) = 4*f**2 + 5*f + 10. Let o(r) = -r**2 - r - 1. Let u(k) = a*o(k) + n(k). Let v be (-1)/(-3) + (-8)/24. Give u(v).
5
Let x(a) = 1 - a**2 - 5*a - 2 - 1 + 6. Suppose 52*r - 54 = 61*r. Determine x(r).
-2
Suppose -7*d = -3*d + 4*u - 32, -3*d + 27 = 4*u. Suppose -o + d = 3. Let c(a) be the first derivative of -11*a**2/2 + 2*a - 2. Calculate c(o).
-20
Let h(a) = -6*a - 11. Let r(s) = -s - 2. Let m(d) = 2*h(d) - 11*r(d). Suppose -3*o = -g + 37, 2*g - 50 + 0 = 4*o. Let p be o/18*63/6. Calculate m(p).
7
Suppose 3*v + 33 = 3*f, -5*v + 8*v + 2*f + 13 = 0. Let k(u) = -11*u**2 + 0*u**3 + 3*u**2 - u**3 + 71*u + 5 - 77*u. Calculate k(v).
-2
Let b(i) = i + 5. Suppose 0 = -27*p - 50*p + 308. Let d(c) = -4*c**3 - c**2 + 3*c**3 + 10 + 4*c**2. Let q be d(p). Calculate b(q).
-1
Let t(y) = -19*y**3 + 35*y**2 - 12*y - 104. Let f(l) = -11*l**3 + 18*l**2 - 8*l - 51. Let i(z) = -7*f(z) + 4*t(z). Calculate i(-13).
6
Let o(z) = -z**3 + 3*z + 3. Let c = 96 - 93. Suppose v + 2*y - 8 = 4*v, -c*v + 5*y - 11 = 0. What is o(v)?
5
Let h(q) = 2*q**2 - 7*q - 2. Let z(o) = -3*o**2 + 10*o + 2. Let s(k) = 8*h(k) + 5*z(k). Suppose 3*p - 5*l = 30, 3*l - 8 = -3*p - 2. Determine s(p).
-11
Let r be (-165)/(-22) - ((-37)/(-5) - (-10)/(-25)). Let l(g) be the first derivative of -2*g - r*g**2 - 2 - 1/3*g**3. Give l(0).
-2
Let z(d) = -11046*d + 22074*d - 11075*d - 46. Calculate z(-1).
1
Let n(u) = -16 - 8 - 283*u + 104*u + 189*u. What is n(3)?
6
Let g(j) = 13*j + 217. Let c be g(-17). Let w(q) = -11*q - 54. Let n be w(c). Let a(f) = f**2 + 10*f + 5. What is a(n)?
5
Suppose 0 = x + 5*n - 14, 0 = 4*x - 3*n + 12 + 1. Let l(u) = 518*u + 3. Let g(o) = 688*o + 4. Let d(a) = 3*g(a) - 4*l(a). What is d(x)?
8
Let s(u) = 3*u**3 + u**2 + u - 1. Let h(l) = -4*l**3 + 4*l**2 - 6*l + 3. Let j(i) = -h(i) - s(i). Let k(x) = -2*x + 18. Let p be k(7). Give j(p).
2
Let n(b) = -b**3 + 8*b**2 - 6*b + 5. Suppose -2*u = -46 + 58. Let h(f) = -f + 1. Let x be h(u). Calculate n(x).
12
Let b(w) = 14*w - 54*w + 21*w**2 + 31*w + 2 + 34*w + 21*w - w**3. Give b(23).
2
Let b(o) be the second derivative of -o**4/12 + o**3/6 + 1535*o. Calculate b(9).
-72
Suppose -4*q = -2*l + 22, 15 - 3 = 2*l + q. Let x(r) be the second derivative of -r**4/12 + 4*r**3/3 - 2*r**2 - 21*r. Determine x(l).
3
Let h(a) = -2*a - 13. Suppose 3*o = 5*d + 30, -21*o + 50 = -16*o - 3*d. Suppose c + o = 2*v + v, -v = -5*c - 22. Determine h(c).
-5
Let d(q) = -5*q**2 + 50*q - 2. Suppose 0 = 25*c - 47*c + 24*c - 20. Calculate d(c).
-2
Let w(g) = 10*g**2 + 7*g - 9. Let l be w(3). Let q = -110 + l. Let b(i) = -i**2 - 7*i - 1. Determine b(q).
-9
Let c = 2952 - 2950. Let y(h) = -29*h + 59. Determine y(c).
1
Suppose 0 = -330*g - 226 + 1515 + 1021. Let f(k) = 12*k - 27. Let w(r) = -4*r + 9. Let n(s) = 4*f(s) + 11*w(s). Calculate n(g).
19
Let i = -19667/6 - -3279. Let a(l) be the second derivative of 1/12*l**4 - 9/2*l**2 + 0 - 7*l + i*l**3. Give a(-8).
-1
Let f = 113 + -110. Let x(b) = -8*b - 10*b - 10*b + 27*b + f. Give x(-5).
8
Let t(n) be the third derivative of -n**6/360 - n**5/15 - n**4/24 + n**3/3 - 56*n**2. Let y(x) be the first derivative of t(x). What is y(-6)?
11
Let k(d) = d**3 - 50*d**2 - 48*d - 151. Let z = 22685 + -22634. Determine k(z).
2
Let o(z) = z**2 + 6*z + 7. Let n(f) = 65*f**2 - 124*f**2 + 3*f - 3 + 60*f**2. Let x be n(-2). What is o(x)?
2
Suppose -275*t = -1689 - 2210 - 226. Let v(p) = p**3 - 18*p**2 + 47*p - 24. Calculate v(t).
6
Let q(o) = 3*o**2 - 4*o - 6. Let g be (2/6*-92)/(2/(-3)). Suppose 2*b + g = 56. Let t(u) = -7*u**2 + 7*u + 12. Let s(v) = b*q(v) + 2*t(v). Calculate s(7).
1
Let m(c) = -2*c - 34. Let u be m(-14). Let d(l) = -l. Let v(t) = -t**2 - t - 1. Let k = 13 + -12. Let s(p) = k*v(p) + u*d(p). Calculate s(6).
-7
Let g(h) be the second derivative of -h**8/6720 + h**7/420 + h**5/24 - 4*h**4 + h - 17. Let i(d) be the third derivative of g(d). Determine i(6).
5
Suppose -14*h + 4*h = -120. Suppose 123*t + h = 126*t. Let r(m) = -4*m**2 + 6*m - 3. What is r(t)?
-43
Let k be 38/14 - 8/(-28). Let m(c) be the first derivative of c**5/30 - c**4/24 - 91*c**3/3 - 6. Let l(h) be the third derivative of m(h). Determine l(k).
11
Let a(b) = 4*b**2 - 11*b - 1. Let l(g) = g**2 + 2*g + 1. Suppose j - 3*z + 11 = 0, 15 = -5*j - 16*z + 21*z. Let u(n) = j*a(n) - 3*l(n). What is u(17)?
-4
Suppose 0 = -5*c + z + 406, 3*c + 0*z - 258 = -3*z. Let x(w) = -w**3 - c*w - 4*w**2 - 3*w**2 + 82*w. Let k(h) = -h**2 - 5*h - 7. Let g be k(-5). What is x(g)?
0
Let y be 3/27 - ((-224)/(-72) + -10). Let d(s) = s**2 - 9*s + 10. What is d(y)?
-4
Let s(n) = n**3 - 17*n**2 + 33*n - 28. Let z be s(15). Suppose 2*t + 0*h + h = -z, -31 = 4*t + 5*h. Let r(f) = f + 12. What is r(t)?
3
Suppose 5*b + 8 - 108 = 0. Let k(z) = -1 + 3*z**3 + 3*z + b*z**2 - 25*z**2 - 2*z**3. Suppose -5*a + 3 = -22. Calculate k(a).
14
Let r(v) = -v**3 + 8*v**2 - 18*v. Let j(i) = -i**2 + 3*i + 8. Let a be j(4). Let n be r(a). Let o(c) = c + 10. What is o(n)?
2
Let n(i) be the third derivative of -49*i**4/24 - 99*i**3/2 + 2370*i**2. Determine n(-6).
-3
Let m(p) = -4*p**2 + 54*p + 224. Let l be m(17). Let s(d) = 3*d + 61. Calculate s(l).
19
Let u(c) = -c**2 + 9*c + 2. Let m be (-7)/(42/(-30)) + 115. Let p = m - 111. Calculate u(p).
2
Let k(z) = z**2 + 5*z - 9. Suppose 4*q + 0 + 10 = -b, b + 5*q = -13. Let r be (b + 1)*(-42)/18. Determine k(r).
5
Let n(c) be the third derivative of -c**6/120 + 3*c**5/20 - 2*c**3/3 + 4321*c**2. Give n(8).
60
Suppose -20*t + 653 = -27. Let b(s) be the third derivative of -s**3 - t*s**2 - 1/3*s**4 - 1/120*s**6 + 0 - 2/15*s**5 + 0*s. Determine b(-7).
1
Let b(r) be the third derivative of -3*r**4/8 - r**3/2 - 2*r**2. Let g be 4/1*(-21)/42. Give b(g).
15
Let w(g) = -29*g - 284. Let q(o) = 7*o + 69. Let m(t) = 25*q(t) + 6*w(t). Determine m(-7).
14
Let y(n) = 2*n - 91*n + 66*n + 12*n + 12*n. Let w(k) = -3*k**2 - 11*k + 9. Let b be w(-4). What is y(b)?
5
Let b be (-9)/(-3)*4/6. Let z(d) = 50*d**2 - 87*d + 8. Let q(r) = 18*r**2 - 31*r + 3. Let y(l) = 14*q(l) - 5*z(l). Calculate y(b).
12
Let q(h) = 5*h + h**2 + 155 + 119 - 399 + 125. Suppose 0*z = 3*z + 21. Determine q(z).
14
Let r(d) = 21*d + 13. Let b(n) = -n**3 + 35*n**2 - 37*n + 105. Let h be b(34). Give r(h).
76
Suppose -4*p = -3*p - 3. Let d = -2 - p. Let b(y) = -2*y - 17. Let l be b(d). Let h(x) = x + 5. Determine h(l).
-2
Let i(o) be the second derivative of -o**5/20 - o**4/4 + 5*o**3/2 + 16*o**2 + 382*o - 2. What is i(-2)?
-2
Suppose -k = 3*r - 15, -10*r + 79 = 3*k + 27. Let c(u) = -u**2 - 14*u + 33. Calculate c(k).
81
Let y(q) = 7*q - 13. Let t(c) = 3*c - 6. Let w(l) = -5*t(l) + 2*y(l). Let z(o) = -o**2 - 251*o - 15698. Let p be z(-118). Calculate w(p).
8
Suppose -4*p - 5*a - 20 = 0, 8*p = 21*a - 22*a - 76. Let b(s) = -s**3 - 8*s**2 + 18*s - 22. Determine b(p).
-2
Let n(l) = -50*l + 2461. Let c be n(49). Let x(m) = -8*m + 70. Determine x(c).
-18
Let w(f) be the first derivative of -5/2*f**2 - 165 - 7/3*f**3 - 1/4*f**4 - f. What is w(-6)?
-7
Let j(o) = 7*o + 28 + 6*o + 212*o - 222*o. Give j(-8).
4
Let m = -3 + 3. Let y(n) = 7*n + 37. Let s be y(-4). Let z(x) = -5 + 23*x**2 - 2 - 13*x**2 - s*x**2. Determine z(m).
-7
Let q(t) = -2*t**3 + 6*t**2 - 3*t - 9. Suppose -94*o + 116 = -36*o. What is q(o)?
-7
Let c(o) = 2*o**2 + 12*o + 32. Let x = -24484 - -24481. Determine c(x).
14
Let p(u) = 17*u - 199. Suppose 36 - 76 = -12*j + 104. Determine p(j).
5
Let b(w) be the first derivative of -w**3/3 - 13*w**2/2 - 26*w - 587. Give b(-11).
-4
Let x = 48 - 41. Let b(p) = -24*p**2 - 25*p**2 - 17*p**2 + 67*p**2 + x*p. Determine b(-3).
-12
Let a(j) be the second derivative of -11*j**4/12 - j**3/6 - j**2/2 + 2*j. Let n = -96 - -80. Let m = -17 - n. Give a(m).
-11
Let f be (72/42)/(4/14). Let h be ((-20)/f)/((-15)/45). Let j(z) = 9*z**2 + z + 3 - h*z**2 + 5*z. Determine j(6).
3
Let x(k) = 886*k + 4430. Let f be x(-5). Let s(q) be the third derivative of q**5/60 - q**4/24 - 3*q**3/2 - q**2. What is s(f)?
-9
Let i = -6976 - -6975. Let p(l) = -48*l**2 + 9*l + 9. Determine p(i).
-48
Let t(h) be the second derivative of -h + 3/2*h**3 + h**2 + 149. Determine t(1).
11
Let j(q) = -q**3